{"id":1781,"date":"2025-08-22T10:06:01","date_gmt":"2025-08-22T08:06:01","guid":{"rendered":"https:\/\/musicandlol.com\/?page_id=1781"},"modified":"2025-09-09T14:51:15","modified_gmt":"2025-09-09T12:51:15","slug":"agenda-spectacles","status":"publish","type":"page","link":"https:\/\/musicandlol.com\/?page_id=1781","title":{"rendered":"Agenda Spectacles"},"content":{"rendered":"\n<p class=\"has-text-align-center\">Retrouvez ici toutes nos <strong>prochaines repr\u00e9sentations<\/strong> : jeune public, tout public et spectacles destin\u00e9s aux adultes.<br>Notre objectif : vous aider \u00e0 choisir <strong>le bon spectacle pour le bon public<\/strong>, sans mauvaise surprise.<\/p>\n\n\n\n<ul class=\"wp-block-list\">\n<li>\u2728 <em>Jeune public<\/em> : id\u00e9al enfants &amp; familles (mais plaisent bien au-del\u00e0).<\/li>\n\n\n\n<li>\ud83c\udfad <em>Tout public<\/em> : accessible \u00e0 toutes les g\u00e9n\u00e9rations.<\/li>\n\n\n\n<li>\ud83c\udf77 <em>Adultes<\/em> : un contenu plus m\u00fbr, r\u00e9serv\u00e9 \u00e0 un public averti.<\/li>\n<\/ul>\n\n\n\n<h2 class=\"wp-block-heading has-text-align-center\">Spectacles \u00e0 venir<\/h2>\n\n\n<div class=\"ecs-no-events\">Il n\u2019y a pas d\u2019\u00e9v\u00e8nements \u00e0 venir.<\/div>\n\n\n\n<h2 class=\"wp-block-heading has-text-align-center\">Voir les concerts<\/h2>\n\n\n\n<div class=\"ml-btn-wrap\" style=\"margin-top: 20px;\">\n  <a class=\"ml-button\" href=\"https:\/\/musicandlol.com\/agenda-concerts\/\">\n    \ud83c\udfb8 Vous cherchez un concert ? Voir l\u2019Agenda Concerts\n  <\/a>\n<\/div>\n\n\n\n<h2 class=\"wp-block-heading has-text-align-center\">\u00c9v\u00e8nements pass\u00e9s<\/h2>\n\n\n\n<div class=\"ml-btn-wrap\" style=\"margin-top: 10px;\">\n  <a class=\"ml-button\" href=\"\/events\/?eventDisplay=past\">\n    \ud83d\udcc5 Voir les \u00e9v\u00e9nements pass\u00e9s (toutes cat\u00e9gories)\n  <\/a>\n<\/div>\n","protected":false},"excerpt":{"rendered":"<p>Retrouvez ici toutes nos prochaines repr\u00e9sentations : jeune public, tout public et spectacles destin\u00e9s aux [&hellip;]<\/p>\n","protected":false},"author":1,"featured_media":0,"parent":0,"menu_order":0,"comment_status":"closed","ping_status":"closed","template":"","meta":{"_price":"","_stock":"","_tribe_ticket_header":"","_tribe_default_ticket_provider":"","_tribe_ticket_capacity":"0","_ticket_start_date":"","_ticket_end_date":"","_tribe_ticket_show_description":"","_tribe_ticket_show_not_going":false,"_tribe_ticket_use_global_stock":"","_tribe_ticket_global_stock_level":"","_global_stock_mode":"","_global_stock_cap":"","_tribe_rsvp_for_event":"","_tribe_ticket_going_count":"","_tribe_ticket_not_going_count":"","_tribe_tickets_list":"[]","_tribe_ticket_has_attendee_info_fields":false,"footnotes":"","_tec_slr_enabled":"","_tec_slr_layout":""},"class_list":["post-1781","page","type-page","status-publish","hentry"],"ticketed":false,"_links":{"self":[{"href":"https:\/\/musicandlol.com\/index.php?rest_route=\/wp\/v2\/pages\/1781","targetHints":{"allow":["GET"]}}],"collection":[{"href":"https:\/\/musicandlol.com\/index.php?rest_route=\/wp\/v2\/pages"}],"about":[{"href":"https:\/\/musicandlol.com\/index.php?rest_route=\/wp\/v2\/types\/page"}],"author":[{"embeddable":true,"href":"https:\/\/musicandlol.com\/index.php?rest_route=\/wp\/v2\/users\/1"}],"replies":[{"embeddable":true,"href":"https:\/\/musicandlol.com\/index.php?rest_route=%2Fwp%2Fv2%2Fcomments&post=1781"}],"version-history":[{"count":13,"href":"https:\/\/musicandlol.com\/index.php?rest_route=\/wp\/v2\/pages\/1781\/revisions"}],"predecessor-version":[{"id":2152,"href":"https:\/\/musicandlol.com\/index.php?rest_route=\/wp\/v2\/pages\/1781\/revisions\/2152"}],"wp:attachment":[{"href":"https:\/\/musicandlol.com\/index.php?rest_route=%2Fwp%2Fv2%2Fmedia&parent=1781"}],"curies":[{"name":"wp","href":"https:\/\/api.w.org\/{rel}","templated":true}]}}