{"id":2003,"date":"2025-08-25T14:36:40","date_gmt":"2025-08-25T12:36:40","guid":{"rendered":"https:\/\/musicandlol.com\/?page_id=2003"},"modified":"2025-08-26T14:40:04","modified_gmt":"2025-08-26T12:40:04","slug":"%f0%9f%8e%ad-francois-lange-mary-coppins-magie-hypnose-et-humour","status":"publish","type":"page","link":"https:\/\/musicandlol.com\/?page_id=2003","title":{"rendered":"\ud83c\udfad Fran\u00e7ois Lange &amp; Mary Coppins \u2013 Magie, hypnose et humour"},"content":{"rendered":"\n<h2 class=\"wp-block-heading has-text-align-center\">\ud83c\udf1f Un duo unique qui captive petits et grands<\/h2>\n\n\n\n<p class=\"has-text-align-center\">Entre illusions bluffantes, hypnose \u00e9tonnante et humour d\u00e9cal\u00e9, Fran\u00e7ois Lange &amp; Mary Coppins proposent un spectacle interactif o\u00f9 le public devient acteur de l\u2019histoire. Chaque repr\u00e9sentation est diff\u00e9rente, car chacun y vit une exp\u00e9rience inoubliable.<\/p>\n\n\n\n<hr class=\"wp-block-separator has-alpha-channel-opacity\"\/>\n\n\n\n<h2 class=\"wp-block-heading has-text-align-center\">\ud83c\udfad Un show participatif et surprenant<\/h2>\n\n\n\n<ul class=\"wp-block-list\">\n<li>Des num\u00e9ros de magie et d\u2019hypnose en direct<\/li>\n\n\n\n<li>Un duo complice qui allie rires et myst\u00e8re<\/li>\n\n\n\n<li>Participation active du public, petits et grands<\/li>\n\n\n\n<li>Un m\u00e9lange d\u2019\u00e9motions : \u00e9tonnement, rires et \u00e9merveillement<\/li>\n<\/ul>\n\n\n\n<hr class=\"wp-block-separator has-alpha-channel-opacity\"\/>\n\n\n\n<h2 class=\"wp-block-heading has-text-align-center\">\ud83d\udccc Infos pratiques<\/h2>\n\n\n\n<ul class=\"wp-block-list\">\n<li><strong>Public cible<\/strong> : Tout public<\/li>\n\n\n\n<li><strong>Dur\u00e9e<\/strong> : environ 1h15 (adaptable selon l\u2019\u00e9v\u00e9nement)<\/li>\n\n\n\n<li><strong>Technique<\/strong> : autonome en son\/lumi\u00e8re, adaptable en salle ou en plein air<\/li>\n\n\n\n<li><strong>Id\u00e9al pour<\/strong> : f\u00eates communales, festivals, associations, soir\u00e9es priv\u00e9es<\/li>\n\n\n\n<li><strong>D\u00e9placement<\/strong> : Hauts-de-France et au-del\u00e0<\/li>\n<\/ul>\n\n\n\n<hr class=\"wp-block-separator has-alpha-channel-opacity\"\/>\n\n\n\n<h2 class=\"wp-block-heading has-text-align-center\">\ud83c\udfac Extrait vid\u00e9o \/ photo<\/h2>\n\n\n<div class=\"wp-block-image\">\n<figure class=\"aligncenter size-large is-resized\"><img loading=\"lazy\" decoding=\"async\" width=\"724\" height=\"1024\" src=\"https:\/\/musicandlol.com\/wp-content\/uploads\/2025\/08\/Francois-Lange-724x1024.jpg\" alt=\"\" class=\"wp-image-2095\" style=\"width:488px;height:auto\" srcset=\"https:\/\/musicandlol.com\/wp-content\/uploads\/2025\/08\/Francois-Lange-724x1024.jpg 724w, https:\/\/musicandlol.com\/wp-content\/uploads\/2025\/08\/Francois-Lange-212x300.jpg 212w, https:\/\/musicandlol.com\/wp-content\/uploads\/2025\/08\/Francois-Lange-768x1086.jpg 768w, https:\/\/musicandlol.com\/wp-content\/uploads\/2025\/08\/Francois-Lange-1086x1536.jpg 1086w, https:\/\/musicandlol.com\/wp-content\/uploads\/2025\/08\/Francois-Lange.jpg 1448w\" sizes=\"auto, (max-width: 724px) 100vw, 724px\" \/><\/figure>\n<\/div>\n\n\n<figure class=\"wp-block-video aligncenter\"><video height=\"656\" style=\"aspect-ratio: 368 \/ 656;\" width=\"368\" controls src=\"https:\/\/musicandlol.com\/wp-content\/uploads\/2025\/08\/939469b3-6889-4e13-8581-c8be45bb9de7.mp4\"><\/video><\/figure>\n\n\n\n<hr class=\"wp-block-separator has-alpha-channel-opacity\"\/>\n\n\n\n<h2 class=\"wp-block-heading has-text-align-center\">\u2753 Vous souhaitez conna\u00eetre les futurs \u00e9v\u00e8nements ?<\/h2>\n\n\n\n<div class=\"ml-btn-wrap\"> <a class=\"ml-button\" href=\"https:\/\/musicandlol.com\/events\/category\/tout-public\/\"> \ud83c\udfad Voir toutes les dates Tout Public <\/a> <\/div>\n\n\n\n<hr class=\"wp-block-separator has-alpha-channel-opacity\"\/>\n\n\n\n<h2 class=\"wp-block-heading has-text-align-center\">\u2139\ufe0f Pour plus d\u2019informations<\/h2>\n\n\n\n<p class=\"has-text-align-center\">Music and Lol \u2013 <a href=\"mailto:administration@musicandlol.com\">administration@musicandlol.com<\/a> \u2013 06 61 70 45 02<\/p>\n","protected":false},"excerpt":{"rendered":"<p>\ud83c\udf1f Un duo unique qui captive petits et grands Entre illusions bluffantes, hypnose \u00e9tonnante et [&hellip;]<\/p>\n","protected":false},"author":1,"featured_media":0,"parent":0,"menu_order":0,"comment_status":"closed","ping_status":"closed","template":"","meta":{"_price":"","_stock":"","_tribe_ticket_header":"","_tribe_default_ticket_provider":"","_tribe_ticket_capacity":"0","_ticket_start_date":"","_ticket_end_date":"","_tribe_ticket_show_description":"","_tribe_ticket_show_not_going":false,"_tribe_ticket_use_global_stock":"","_tribe_ticket_global_stock_level":"","_global_stock_mode":"","_global_stock_cap":"","_tribe_rsvp_for_event":"","_tribe_ticket_going_count":"","_tribe_ticket_not_going_count":"","_tribe_tickets_list":"[]","_tribe_ticket_has_attendee_info_fields":false,"footnotes":"","_tec_slr_enabled":"","_tec_slr_layout":""},"class_list":["post-2003","page","type-page","status-publish","hentry"],"ticketed":false,"_links":{"self":[{"href":"https:\/\/musicandlol.com\/index.php?rest_route=\/wp\/v2\/pages\/2003","targetHints":{"allow":["GET"]}}],"collection":[{"href":"https:\/\/musicandlol.com\/index.php?rest_route=\/wp\/v2\/pages"}],"about":[{"href":"https:\/\/musicandlol.com\/index.php?rest_route=\/wp\/v2\/types\/page"}],"author":[{"embeddable":true,"href":"https:\/\/musicandlol.com\/index.php?rest_route=\/wp\/v2\/users\/1"}],"replies":[{"embeddable":true,"href":"https:\/\/musicandlol.com\/index.php?rest_route=%2Fwp%2Fv2%2Fcomments&post=2003"}],"version-history":[{"count":2,"href":"https:\/\/musicandlol.com\/index.php?rest_route=\/wp\/v2\/pages\/2003\/revisions"}],"predecessor-version":[{"id":2096,"href":"https:\/\/musicandlol.com\/index.php?rest_route=\/wp\/v2\/pages\/2003\/revisions\/2096"}],"wp:attachment":[{"href":"https:\/\/musicandlol.com\/index.php?rest_route=%2Fwp%2Fv2%2Fmedia&parent=2003"}],"curies":[{"name":"wp","href":"https:\/\/api.w.org\/{rel}","templated":true}]}}